eatest common divisor of 20 and 260?
20
Calculate the greatest common divisor of 320 and 200.
40
What is the highest common factor of 3073 and 28?
7
What is the greatest common divisor of 234 and 286?
26
Calculate the greatest common factor of 67 and 4087.
67
Calculate the highest common divisor of 4204 and 4.
4
Calculate the greatest common divisor of 1862 and 152.
38
What is the highest common divisor of 27 and 4581?
9
Calculate the greatest common factor of 25 and 2950.
25
Calculate the highest common factor of 680 and 320.
40
Calculate the highest common divisor of 7 and 67.
1
Calculate the greatest common factor of 8 and 3688.
8
What is the greatest common factor of 518 and 15799?
259
Calculate the greatest common divisor of 36 and 207.
9
Calculate the greatest common divisor of 171 and 570.
57
What is the highest common factor of 17 and 5848?
17
Calculate the highest common divisor of 49 and 2.
1
What is the highest common factor of 27684 and 36?
36
Calculate the greatest common factor of 180 and 495.
45
What is the highest common factor of 2905 and 35?
35
What is the greatest common divisor of 158 and 25754?
158
What is the greatest common divisor of 208 and 64?
16
What is the highest common factor of 24004 and 68?
68
What is the greatest common factor of 3766 and 14?
14
Calculate the highest common factor of 126 and 70.
14
Calculate the highest common factor of 7889 and 23.
23
Calculate the greatest common factor of 188 and 141.
47
What is the greatest common divisor of 1215 and 15?
15
What is the greatest common factor of 238 and 1582?
14
Calculate the greatest common factor of 441 and 126.
63
Calculate the highest common factor of 455 and 117.
13
Calculate the greatest common divisor of 1296 and 81.
81
What is the greatest common factor of 5 and 40?
5
Calculate the greatest common factor of 574 and 77.
7
What is the highest common factor of 1352 and 117?
13
What is the greatest common divisor of 9 and 72?
9
What is the greatest common factor of 140 and 28?
28
What is the greatest common divisor of 18 and 117?
9
What is the greatest common divisor of 6 and 678?
6
Calculate the greatest common divisor of 77 and 287.
7
What is the highest common factor of 7 and 8813?
7
What is the highest common divisor of 4250 and 275?
25
Calculate the greatest common factor of 204 and 2148.
12
What is the highest common divisor of 96 and 128?
32
Calculate the highest common divisor of 85504 and 167.
167
Calculate the greatest common factor of 485 and 679.
97
Calculate the greatest common divisor of 851 and 74.
37
Calculate the greatest common divisor of 3 and 177.
3
What is the highest common divisor of 1394 and 34?
34
What is the greatest common divisor of 28 and 1050?
14
Calculate the highest common divisor of 14 and 6.
2
What is the greatest common factor of 189 and 27?
27
Calculate the highest common divisor of 186 and 54.
6
Calculate the highest common factor of 2744 and 147.
49
What is the highest common divisor of 176 and 132?
44
Calculate the greatest common factor of 561 and 629.
17
Calculate the greatest common divisor of 128 and 896.
128
What is the highest common divisor of 84 and 4074?
42
Calculate the greatest common factor of 49 and 51401.
49
Calculate the greatest common factor of 124 and 124.
124
Calculate the highest common divisor of 77 and 473.
11
What is the greatest common divisor of 2600 and 150?
50
Calculate the highest common divisor of 30 and 24.
6
Calculate the greatest common factor of 680 and 24.
8
What is the greatest common divisor of 670 and 80?
10
What is the highest common divisor of 5341 and 545?
109
Calculate the highest common factor of 37067 and 101.
101
Calculate the highest common factor of 9 and 43245.
9
Calculate the greatest common factor of 844 and 8.
4
What is the greatest common factor of 44 and 99?
11
Calculate the highest common divisor of 1292 and 1064.
76
What is the greatest common divisor of 119 and 442?
17
What is the greatest common divisor of 57 and 4047?
57
Calculate the highest common factor of 456 and 48.
24
Calculate the highest common divisor of 610 and 70.
10
What is the greatest common divisor of 8784 and 576?
144
Calculate the greatest common divisor of 350 and 42.
14
What is the greatest common factor of 300 and 9150?
150
What is the greatest common factor of 1220 and 4?
4
What is the highest common divisor of 62300 and 140?
140
Calculate the greatest common divisor of 191 and 2.
1
Calculate the highest common divisor of 705 and 30.
15
What is the highest common factor of 210 and 174?
6
Calculate the highest common divisor of 3471 and 39.
39
Calculate the highest common divisor of 16605 and 675.
135
What is the greatest common divisor of 1655 and 55?
5
What is the highest common divisor of 392 and 175?
7
Calculate the highest common factor of 1 and 85.
1
What is the greatest common factor of 146 and 4?
2
Calculate the highest common divisor of 21 and 273.
21
What is the greatest common factor of 297 and 66?
33
Calculate the greatest common divisor of 52 and 338.
26
Calculate the greatest common divisor of 665 and 1045.
95
What is the greatest common divisor of 2329 and 17?
17
Calculate the greatest common factor of 275 and 4425.
25
What is the highest common divisor of 188 and 1222?
94
What is the greatest common factor of 60 and 156?
12
Calculate the greatest common factor of 180 and 108.
36
What is the highest common factor of 136 and 51?
17
Calculate the greatest common factor of 40783 and 85.
17
Calculate the highest common factor of 96 and 80.
16
What is the highest common factor of 90 and 3870?
90
What is the greatest common divisor of 17 and 64?
1
What is the highest common divisor of 276 and 252?
12
What is the highest common divisor of 40 and 48?
8
What is the highest common factor of 5 and 515?
5
Calculate the highest common factor of 13 and 949.
13
What is the highest common divisor of 190 and 130?
10
What is the greatest common factor of 74 and 296?
74
Calculate the highest common factor of 32 and 928.
32
Calculate the greatest common divisor of 81 and 1053.
81
Calculate the highest common factor of 1281 and 366.
183
What is the highest common factor of 8646 and 66?
66
Calculate the greatest common factor of 54 and 621.
27
What is the highest common factor of 3056 and 16?
16
Calculate the greatest common factor of 560 and 14800.
80
What is the highest common divisor of 61 and 45689?
61
Calculate the highest common divisor of 2516 and 1332.
148
Calculate the greatest common divisor of 101 and 3.
1
What is the greatest common divisor of 45 and 5?
5
Calculate the greatest common factor of 39 and 1339.
13
Calculate the highest common divisor of 60 and 160.
20
Calculate the highest common factor of 4190 and 30.
10
What is the highest common divisor of 47 and 17?
1
Calculate the highest common divisor of 196 and 1358.
14
What is the greatest common divisor of 26 and 1222?
26
Calculate the greatest common factor of 104 and 32.
8
Calculate the highest common divisor of 340 and 10.
10
Calculate the highest common divisor of 2715 and 75.
15
Calculate the greatest common factor of 176 and 1980.
44
Calculate the highest common factor of 833 and 14.
7
What is the highest common divisor of 6230 and 56?
14
Calculate the greatest common divisor of 45 and 345.
15
Calculate the greatest common divisor of 3 and 843.
3
Calculate the highest common factor of 16324 and 154.
154
What is the highest common divisor of 126 and 14?
14
What is the greatest common divisor of 104 and 1976?
104
Calculate the greatest common factor of 493 and 17.
17
What is the highest common factor of 34587 and 162?
81
What is the highest common factor of 189 and 81?
27
Calculate the greatest common divisor of 15318 and 111.
111
Calculate the highest common factor of 182 and 42.
14
What is the greatest common factor of 8 and 88?
8
Calculate the greatest common divisor of 799 and 235.
47
Calculate the highest common divisor of 35 and 15.
5
What is the highest common divisor of 240 and 100?
20
Calculate the highest common divisor of 117 and 26.
13
Calculate the highest common factor of 54 and 102.
6
Calculate the greatest common factor of 4548 and 12.
12
What is the highest common divisor of 47804 and 34?
34
Calculate th